{"id":165,"date":"2022-03-16T17:33:13","date_gmt":"2022-03-16T17:33:13","guid":{"rendered":"https:\/\/www.godothor.cz\/?page_id=165"},"modified":"2024-12-16T12:15:08","modified_gmt":"2024-12-16T12:15:08","slug":"v-i-p","status":"publish","type":"page","link":"https:\/\/www.godothor.cz\/?page_id=165","title":{"rendered":"V.I.P."},"content":{"rendered":"\n<figure class=\"wp-block-image size-large\"><img loading=\"lazy\" decoding=\"async\" width=\"1024\" height=\"873\" src=\"https:\/\/www.godothor.cz\/wp-content\/uploads\/2024\/12\/Slayer_P-1024x873.jpg\" alt=\"\" class=\"wp-image-353\" srcset=\"https:\/\/www.godothor.cz\/wp-content\/uploads\/2024\/12\/Slayer_P-1024x873.jpg 1024w, https:\/\/www.godothor.cz\/wp-content\/uploads\/2024\/12\/Slayer_P-300x256.jpg 300w, https:\/\/www.godothor.cz\/wp-content\/uploads\/2024\/12\/Slayer_P-768x654.jpg 768w, https:\/\/www.godothor.cz\/wp-content\/uploads\/2024\/12\/Slayer_P-1536x1309.jpg 1536w, https:\/\/www.godothor.cz\/wp-content\/uploads\/2024\/12\/Slayer_P-2048x1745.jpg 2048w, https:\/\/www.godothor.cz\/wp-content\/uploads\/2024\/12\/Slayer_P-1870x1594.jpg 1870w, https:\/\/www.godothor.cz\/wp-content\/uploads\/2024\/12\/Slayer_P-400x341.jpg 400w, https:\/\/www.godothor.cz\/wp-content\/uploads\/2024\/12\/Slayer_P-800x682.jpg 800w\" sizes=\"auto, (max-width: 1024px) 100vw, 1024px\" \/><figcaption class=\"wp-element-caption\"><strong>Slayer<\/strong> (autorova srdcovka) &#8211; repliky p\u0159ebal\u016f alb s vlastnoru\u010dn\u011b vyroben\u00fdmi r\u00e1my z masivu<\/figcaption><\/figure>\n\n\n\n<figure class=\"wp-block-image size-large\"><img loading=\"lazy\" decoding=\"async\" width=\"923\" height=\"1024\" src=\"https:\/\/www.godothor.cz\/wp-content\/uploads\/2022\/03\/E1C3F4FF-DCAE-4EBF-8C41-68C3875B0B72-923x1024.jpeg\" alt=\"\" class=\"wp-image-36\" srcset=\"https:\/\/www.godothor.cz\/wp-content\/uploads\/2022\/03\/E1C3F4FF-DCAE-4EBF-8C41-68C3875B0B72-923x1024.jpeg 923w, https:\/\/www.godothor.cz\/wp-content\/uploads\/2022\/03\/E1C3F4FF-DCAE-4EBF-8C41-68C3875B0B72-270x300.jpeg 270w, https:\/\/www.godothor.cz\/wp-content\/uploads\/2022\/03\/E1C3F4FF-DCAE-4EBF-8C41-68C3875B0B72-768x852.jpeg 768w, https:\/\/www.godothor.cz\/wp-content\/uploads\/2022\/03\/E1C3F4FF-DCAE-4EBF-8C41-68C3875B0B72-1384x1536.jpeg 1384w, https:\/\/www.godothor.cz\/wp-content\/uploads\/2022\/03\/E1C3F4FF-DCAE-4EBF-8C41-68C3875B0B72-1846x2048.jpeg 1846w, https:\/\/www.godothor.cz\/wp-content\/uploads\/2022\/03\/E1C3F4FF-DCAE-4EBF-8C41-68C3875B0B72-1568x1740.jpeg 1568w\" sizes=\"auto, (max-width: 923px) 100vw, 923px\" \/><figcaption class=\"wp-element-caption\">Vlastn\u00ed rukod\u011bln\u00e1 pr\u00e1ce podkladov\u00e9 desky s ostny dod\u00e1v\u00e1 s\u00edlu celkov\u00e9mu dojmu z d\u00edla zn\u00e1zor\u0148uj\u00edc\u00edho skute\u010dnou personu blackmetalov\u00e9 sc\u00e9ny. D\u00e1my a p\u00e1nov\u00e9, p\u0159ed va\u0161imi zraky je zp\u011bv\u00e1k a kytarista skupiny Belphegor &#8211; <strong>Helmuth Lehner<\/strong>!<\/figcaption><\/figure>\n\n\n\n<figure class=\"wp-block-image size-large\"><img loading=\"lazy\" decoding=\"async\" width=\"1024\" height=\"1024\" src=\"https:\/\/www.godothor.cz\/wp-content\/uploads\/2023\/05\/Kytice_kolaz_uvod-1024x1024.jpg\" alt=\"\" class=\"wp-image-297\" srcset=\"https:\/\/www.godothor.cz\/wp-content\/uploads\/2023\/05\/Kytice_kolaz_uvod-1024x1024.jpg 1024w, https:\/\/www.godothor.cz\/wp-content\/uploads\/2023\/05\/Kytice_kolaz_uvod-300x300.jpg 300w, https:\/\/www.godothor.cz\/wp-content\/uploads\/2023\/05\/Kytice_kolaz_uvod-150x150.jpg 150w, https:\/\/www.godothor.cz\/wp-content\/uploads\/2023\/05\/Kytice_kolaz_uvod-768x768.jpg 768w, https:\/\/www.godothor.cz\/wp-content\/uploads\/2023\/05\/Kytice_kolaz_uvod-1536x1536.jpg 1536w, https:\/\/www.godothor.cz\/wp-content\/uploads\/2023\/05\/Kytice_kolaz_uvod-2048x2048.jpg 2048w, https:\/\/www.godothor.cz\/wp-content\/uploads\/2023\/05\/Kytice_kolaz_uvod-1870x1870.jpg 1870w, https:\/\/www.godothor.cz\/wp-content\/uploads\/2023\/05\/Kytice_kolaz_uvod-400x400.jpg 400w, https:\/\/www.godothor.cz\/wp-content\/uploads\/2023\/05\/Kytice_kolaz_uvod-800x800.jpg 800w\" sizes=\"auto, (max-width: 1024px) 100vw, 1024px\" \/><figcaption class=\"wp-element-caption\"><strong>Kytice<br>Karla Jarom\u00edra Erbena<\/strong><br>Sb\u00edrka balad, je\u017e pro mne osobn\u011b znamenala t\u00e9m\u011b\u0159 p\u016flro\u010dn\u00ed bedliv\u00e9 studium, abych byl schopen pono\u0159it se do g\u00e9nia my\u0161lenky autora. To, co pro sv\u011bt znamen\u00e1 Edgar Allan Poe, to pro mne znamen\u00e1 K. J. Erben. Vpravd\u011b mistrovsk\u00e9 d\u00edlo nah\u00e1n\u011bj\u00edc\u00ed hr\u016fzu, sm\u00ed\u0161en\u00e9 pocity, ale p\u0159edev\u0161\u00edm mystick\u00e1 evokace m\u00fdch vnit\u0159n\u00edch pochod\u016f a vjem\u016f. Odpus\u0165te mi tedy, \u017ee jsem se, by\u0165 neum\u011ble, pokusil alespo\u0148 zlomkem zachytit atmosf\u00e9ru tohoto mistrovsk\u00e9ho d\u00edla.<br>S pokorou a \u00factou Petr V. GODOTHOR<\/figcaption><\/figure>\n\n\n\n<figure class=\"wp-block-image size-large\"><img loading=\"lazy\" decoding=\"async\" width=\"1024\" height=\"512\" src=\"https:\/\/www.godothor.cz\/wp-content\/uploads\/2022\/03\/23AD23E0-96DA-494C-8798-B2BF29A1E9D9-1024x512.png\" alt=\"\" class=\"wp-image-217\" srcset=\"https:\/\/www.godothor.cz\/wp-content\/uploads\/2022\/03\/23AD23E0-96DA-494C-8798-B2BF29A1E9D9-1024x512.png 1024w, https:\/\/www.godothor.cz\/wp-content\/uploads\/2022\/03\/23AD23E0-96DA-494C-8798-B2BF29A1E9D9-300x150.png 300w, https:\/\/www.godothor.cz\/wp-content\/uploads\/2022\/03\/23AD23E0-96DA-494C-8798-B2BF29A1E9D9-768x384.png 768w, https:\/\/www.godothor.cz\/wp-content\/uploads\/2022\/03\/23AD23E0-96DA-494C-8798-B2BF29A1E9D9-1536x768.png 1536w, https:\/\/www.godothor.cz\/wp-content\/uploads\/2022\/03\/23AD23E0-96DA-494C-8798-B2BF29A1E9D9-400x200.png 400w, https:\/\/www.godothor.cz\/wp-content\/uploads\/2022\/03\/23AD23E0-96DA-494C-8798-B2BF29A1E9D9-800x400.png 800w, https:\/\/www.godothor.cz\/wp-content\/uploads\/2022\/03\/23AD23E0-96DA-494C-8798-B2BF29A1E9D9.png 1800w\" sizes=\"auto, (max-width: 1024px) 100vw, 1024px\" \/><figcaption class=\"wp-element-caption\"><strong>N\u00e1vrat<\/strong><br>Obraz, je\u017e v jedn\u00e9 sv\u00e9 poloze p\u016fsob\u00ed dojmem tekouc\u00ed krve, tud\u00ed\u017e dle jeho n\u00e1zvu jedn\u00e1 se o n\u00e1vrat krve. Oto\u010d\u00edme-li obraz \u201ehlavou vzh\u016fru\u201c, dostane se n\u00e1m efektu ho\u0159\u00edc\u00edho k\u0159\u00ed\u017ee. Hovo\u0159\u00edme tedy o n\u00e1vratu ohn\u011b. Obraz byl na tyto dva zp\u016fsoby malov\u00e1n z\u00e1m\u011brn\u011b. Mimo jin\u00e9 zdob\u00ed toto d\u00edlo obal v\u00fdro\u010dn\u00edho 2CD+1DVD \u010desk\u00e9 thrash metalov\u00e9 legendy Debustrol s n\u00e1zvem 33 Let Antikrista.<\/figcaption><\/figure>\n\n\n\n<figure class=\"wp-block-image size-large\"><img loading=\"lazy\" decoding=\"async\" width=\"1024\" height=\"715\" src=\"https:\/\/www.godothor.cz\/wp-content\/uploads\/2022\/03\/B91E4DF5-5B58-42C3-9472-E8498AE0CE1C-1024x715.jpeg\" alt=\"\" class=\"wp-image-249\" srcset=\"https:\/\/www.godothor.cz\/wp-content\/uploads\/2022\/03\/B91E4DF5-5B58-42C3-9472-E8498AE0CE1C-1024x715.jpeg 1024w, https:\/\/www.godothor.cz\/wp-content\/uploads\/2022\/03\/B91E4DF5-5B58-42C3-9472-E8498AE0CE1C-300x210.jpeg 300w, https:\/\/www.godothor.cz\/wp-content\/uploads\/2022\/03\/B91E4DF5-5B58-42C3-9472-E8498AE0CE1C-768x536.jpeg 768w, https:\/\/www.godothor.cz\/wp-content\/uploads\/2022\/03\/B91E4DF5-5B58-42C3-9472-E8498AE0CE1C-1536x1073.jpeg 1536w, https:\/\/www.godothor.cz\/wp-content\/uploads\/2022\/03\/B91E4DF5-5B58-42C3-9472-E8498AE0CE1C-2048x1431.jpeg 2048w, https:\/\/www.godothor.cz\/wp-content\/uploads\/2022\/03\/B91E4DF5-5B58-42C3-9472-E8498AE0CE1C-1870x1306.jpeg 1870w, https:\/\/www.godothor.cz\/wp-content\/uploads\/2022\/03\/B91E4DF5-5B58-42C3-9472-E8498AE0CE1C-400x279.jpeg 400w, https:\/\/www.godothor.cz\/wp-content\/uploads\/2022\/03\/B91E4DF5-5B58-42C3-9472-E8498AE0CE1C-800x559.jpeg 800w\" sizes=\"auto, (max-width: 1024px) 100vw, 1024px\" \/><figcaption class=\"wp-element-caption\"><strong>Tovary\u0161i p\u00e1tera Koni\u00e1\u0161e<\/strong><br>P\u0159\u00edb\u011bh tovary\u0161\u016f, kte\u0159\u00ed se pod pl\u00e1\u0161t\u00edkem \u201ev\u00edry\u201c ne\u0161t\u00edt\u00ed ni\u010deho. Pro sv\u016fj pocit bohatstv\u00ed a moci ud\u011blaj\u00ed cokoliv. Jak adresn\u00e9 pro (nejen) dne\u0161n\u00ed dobu, \u017ee? Kolik tovary\u0161\u016f a Koni\u00e1\u0161\u016f o n\u00e1s rozhoduje? A pla\u010d\u00edc\u00ed Pravda, je\u017e sejmula p\u00e1sku, aby dok\u00e1zala, \u017ee nen\u00ed slep\u00e1, top\u00ed se v slz\u00e1ch za chechotu zr\u016fd\u2026<\/figcaption><\/figure>\n\n\n\n<p><\/p>\n","protected":false},"excerpt":{"rendered":"","protected":false},"author":1,"featured_media":0,"parent":15,"menu_order":0,"comment_status":"closed","ping_status":"closed","template":"","meta":{"footnotes":""},"class_list":["post-165","page","type-page","status-publish","hentry","missing-thumbnail"],"_links":{"self":[{"href":"https:\/\/www.godothor.cz\/index.php?rest_route=\/wp\/v2\/pages\/165","targetHints":{"allow":["GET"]}}],"collection":[{"href":"https:\/\/www.godothor.cz\/index.php?rest_route=\/wp\/v2\/pages"}],"about":[{"href":"https:\/\/www.godothor.cz\/index.php?rest_route=\/wp\/v2\/types\/page"}],"author":[{"embeddable":true,"href":"https:\/\/www.godothor.cz\/index.php?rest_route=\/wp\/v2\/users\/1"}],"replies":[{"embeddable":true,"href":"https:\/\/www.godothor.cz\/index.php?rest_route=%2Fwp%2Fv2%2Fcomments&post=165"}],"version-history":[{"count":15,"href":"https:\/\/www.godothor.cz\/index.php?rest_route=\/wp\/v2\/pages\/165\/revisions"}],"predecessor-version":[{"id":354,"href":"https:\/\/www.godothor.cz\/index.php?rest_route=\/wp\/v2\/pages\/165\/revisions\/354"}],"up":[{"embeddable":true,"href":"https:\/\/www.godothor.cz\/index.php?rest_route=\/wp\/v2\/pages\/15"}],"wp:attachment":[{"href":"https:\/\/www.godothor.cz\/index.php?rest_route=%2Fwp%2Fv2%2Fmedia&parent=165"}],"curies":[{"name":"wp","href":"https:\/\/api.w.org\/{rel}","templated":true}]}}